mber?
True
Suppose -7*m + 2*m = 2*t - 96, 0 = -2*m + 5*t + 50. Let i(b) = -50*b + 133*b - m*b + 113*b + 1. Is i(9) prime?
False
Suppose 23*r - 12*r = 17*r - 23514. Is r composite?
False
Let h be 189836/(-14) + (-15)/(-21) + -1. Let t = 51471 + h. Is t composite?
True
Let b be ((-36)/(-15))/((-6)/(-40)). Let y(x) = 91*x - 29. Let a(z) = 457*z - 144. Let j(i) = -2*a(i) + 11*y(i). Is j(b) composite?
False
Suppose -114*w + 265159 = 76261. Is w prime?
True
Suppose c - 19 = 7. Suppose 2*r + 16 = 3*t, 5*r = 3*t + t - c. Is 3/(3/178)*(-3)/r composite?
True
Let n(r) = 2465*r - 8609. Is n(74) a prime number?
False
Is (461 + -468)/((42/(-1457362))/3) prime?
True
Let c(z) = -z**3 - 2*z**2 + z + 2. Let a be c(-1). Let w be (0 + (-1)/(-2))*a. Suppose -5*t + 4*y + 186 = 0, w*y + 2*y + 150 = 4*t. Is t composite?
True
Let i be (-56)/30*-5*195. Suppose 4525 = 5*q + 5*f, 2*q - 4*q = -3*f - i. Is q a prime number?
True
Let c(x) = -x - 3. Let n be c(-6). Let o be 4/(-24) + n + 14/12. Is -1 + 5 - -802 - (1 - o) composite?
False
Let l(t) = -t + 2. Let m be l(-1). Suppose m*w + 1 = 4. Is 391 + -6 + (-2)/w composite?
False
Let d be -6 - (-12 - (-72)/9). Is ((-3)/d)/((-154978)/77492 + 2) a composite number?
False
Suppose 76 - 18 = -a. Let k = -40 - a. Is (-12)/k + (-1078)/(-6) prime?
True
Suppose 0 = -10*a - 6*a - 96. Is (517/a)/((-20)/120) composite?
True
Let r = -27717 - -46083. Suppose -5*x + r = -7019. Is x a prime number?
True
Let x(y) = 37*y**3 - 7*y**2 - 20*y - 1. Let d(f) = 35*f**3 - 8*f**2 - 23*f - 1. Let t(v) = 4*d(v) - 5*x(v). Let q be 1*(-6 + (1 - -1)). Is t(q) composite?
False
Let v(t) = -3*t - 51. Let o be v(-17). Suppose -3*f = -12, 3*k - 4*f = -o*k + 5009. Suppose 9*q + k = 4384. Is q prime?
False
Let z(h) = 769*h - 25. Let d(v) = 2306*v - 73. Let u(f) = 2*d(f) - 7*z(f). Is u(-8) prime?
True
Suppose -4*a + z = -11, -5*a + a - 7 = 5*z. Let q be -7 + 3 + 2/a. Is 4413/3 + 3 + q a prime number?
True
Suppose 24*a = 22*a - 4586. Let m = 4324 + a. Is m a composite number?
True
Suppose 2*d - 52 = -3*i, 2*d - 5*d = -5*i - 78. Let h be (-3)/(d/(-10) - -2). Let c(s) = 16*s**2 + s + 12. Is c(h) prime?
False
Let d = -40538 + 202825. Is d prime?
True
Suppose 0 = w + f - 3, 0 = -w + 3*f - 6*f + 9. Suppose -q - 157 + 13 = w. Let d = 107 - q. Is d a prime number?
True
Let b(g) = -2*g + 60. Let n be b(14). Let l = -29 + n. Suppose 281 = 4*o + 3*i, 0 = 2*o + l*i + 38 - 177. Is o composite?
False
Suppose 2*c + c - 6324 = 0. Let v be ((-14)/28)/(2110/c - 1). Is (-2)/(2 + 1056/v) composite?
True
Suppose 5*l - 2*t + 4*t = 3927, 0 = t + 4. Suppose 2*x + 2*r - 2738 = 0, 18*x - 13*x + 3*r = 6855. Let k = x - l. Is k a composite number?
False
Suppose 4*k = -4*r + 24, 11 = 5*k - 2*k - 4*r. Suppose -k*v - 23668 = -66963. Is v a composite number?
True
Let d(t) = 226*t - 6715. Is d(88) a prime number?
False
Suppose 12*j = 75*j - 766825 - 20486. Is j a composite number?
False
Let f(m) = -6*m**3 - 11*m**2 - 7*m + 5. Let r be (6/4)/(33/22). Let l(p) = p**3 + p**2 - 1. Let g(q) = r*f(q) + 4*l(q). Is g(-10) a composite number?
True
Let z(v) be the third derivative of -v**6/120 + 7*v**5/60 - v**4/6 - 11*v**3/6 + 12*v**2. Let i be z(6). Is ((-10)/(-30))/(i/678) prime?
False
Let n(a) = -4*a - 1. Let s be n(-1). Suppose 1410 + 492 = s*u. Suppose -t = 5*o - u, -2*o + 4*t + 259 = -t. Is o a prime number?
True
Let w(q) = -46*q**3 - 9*q**2 - 2. Let n(m) = -45*m**3 - 12*m**2 - m - 1. Let p(a) = -2*n(a) + 3*w(a). Is p(-3) prime?
True
Let t(q) = -q**3 + q**2 + 5*q - 2. Let n be t(3). Let u be 6/n*5490/(-27). Is (u + -9)/(0 - -1) a prime number?
False
Suppose -3*n = k - 160341, 30*k + 6 = 32*k. Is n prime?
False
Let b(x) = -2*x + 10. Let v be b(3). Suppose -m + 313 = -5*p, -4*m + 576 + 612 = -v*p. Is m prime?
True
Suppose 0 = m + 3*i + 17 - 7, m + 4*i + 15 = 0. Suppose 0 = -m*y - 100 + 4445. Is y a composite number?
True
Let r(b) = 146*b**2 - 10*b - 21. Let a be r(-5). Let n = a - 1882. Is n prime?
False
Suppose 4 = 4*p + 4*a - 20, -p = 4*a - 9. Suppose p*h - 5*l - 1335 = 0, 0*l + 805 = 3*h - 4*l. Is h a prime number?
True
Suppose 4*g - 2*g + 8 = c, 4*c + 4*g + 16 = 0. Suppose -3*v + 6*v - 6 = c. Is (-3 - -1 - -1) + (v - -450) a prime number?
False
Let a(p) = -2 + 19 - 4*p + 13*p - 20*p. Let b(i) = -11*i + 16. Let j(z) = 4*a(z) - 3*b(z). Is j(-9) composite?
True
Let a(s) = 287*s - 18. Let t(n) = -191*n + 13. Let b(i) = 5*a(i) + 7*t(i). Is b(21) a prime number?
False
Suppose 0 = -3*g - g - 5*r + 15, 0 = 4*r - 12. Suppose g = -4*d - 0*d + 3944. Suppose -5*j + d = 2*f - j, -f + 2*j = -513. Is f a prime number?
True
Let s = -9810 + 18045. Suppose -s = -2*w - 593. Is w a prime number?
True
Suppose 12 = 3*v - 183. Suppose -v*f = -67*f + 25562. Is f a composite number?
False
Suppose 1136985 = 15*i - 684302 - 229618. Is i composite?
False
Let o = -18377 + 53943. Is 125/50*o/5 prime?
True
Let z(p) = p - 8. Let u be z(27). Suppose 1 - u = -3*k. Suppose -4*n - 130 = -k*n. Is n prime?
False
Let x(c) = -216*c + 2. Let l(g) = -209*g + 2. Let z(f) = -104*f + 1. Let r(u) = 4*l(u) - 7*z(u). Let a(m) = -5*r(m) + 3*x(m). Is a(-2) prime?
False
Suppose 0 = -39*i + i + 9098641 - 946197. Is i a prime number?
False
Let o be 1*9 - 928/116. Suppose 0*h - 3*h = 18. Is 3 - (30 + h)*o/(-2) composite?
True
Let m(g) = -8*g - 11. Let q be m(-2). Suppose -c + 1746 = q*c. Is c prime?
False
Let j(g) = -g**3 - 7*g**2 - 121*g - 1634. Is j(-13) composite?
False
Let g = -137 - -140. Suppose -5*t + g*o = -1547, -o = -7*t + 10*t - 917. Is t prime?
True
Let c = 45434 + -1839. Is c a composite number?
True
Let h(r) = r**2 - 10*r - 20. Let a be h(11). Let p be -6*(-1 + a/(-6)). Is 15*(-27)/p - 2/1 prime?
False
Let b = 19 - 0. Suppose -b*i = -23*i + 24. Suppose 2*z - 514 = -4*c, -2*c = -i*z + z - 239. Is c a composite number?
False
Suppose q + 4 + 14 = -n, -4*n - 30 = q. Let v = q + 42. Let j = 185 - v. Is j composite?
False
Suppose 59*s - 8 = 57*s. Suppose -s*g + 946 = -4*b - 1590, -3*g + 2*b = -1899. Is g a composite number?
False
Is 17109078/38 + (-6)/(-39) + 648/(-13338) a prime number?
True
Let z(f) = 38*f**3 - 12*f**2 - 361*f + 214. Is z(25) a prime number?
False
Let x(m) = 6671*m**2 + 12*m - 7. Let v be x(-3). Let f = -32875 + v. Is f a prime number?
False
Let f(b) = -b**2 + 9*b + 55. Let c be f(13). Suppose -4*g + a = -57544, -4*a = 6*g - c*g - 43177. Is g prime?
True
Let v = 21644 + -6819. Suppose 2954 = -9*y + v. Is y composite?
False
Is 18/((-30)/(-10) + -5) + 2932 composite?
True
Let z = 224788 + -101700. Suppose 44626 - z = -9*h. Is 4/14 + h/14 prime?
False
Let f be (0/(-2))/(5/5*-1). Suppose 11*o + f*o - 169631 = 0. Is o a prime number?
False
Suppose 600*m - 680*m = -4051120. Is m a prime number?
False
Suppose -533478 = 1142*d - 1208*d. Is d a prime number?
False
Let m(r) = -48*r**3 + r**2 - 3*r - 1. Suppose -5*h + h + 5*k = -5, -h + 5*k - 10 = 0. Let s be h/((-135)/36)*6/4. Is m(s) a composite number?
True
Let m(k) = 10877*k + 6. Suppose 5*n - 10 = 0, 2*r - 7*r - 2*n + 9 = 0. Is m(r) a composite number?
False
Let g = 7975 + 8988. Is g a composite number?
False
Let u(s) = 5161*s**2 - 572*s - 5791. Is u(-10) a composite number?
True
Let v be 2 + -3 + 756 + 9/(-3). Let m = 215 + v. Is m a composite number?
False
Let j be (-4)/((-48)/65996) - 22/33. Let c = j + -1718. Is c prime?
False
Suppose 3586 = 7*a + 842. Suppose -z + 2*z = -4*j - 12, -15 = 4*z + 5*j. Suppose -5*p + a + 203 = z. Is p composite?
True
Let z(u) = 12*u**2 + 4*u - 19. Let i be z(7). Let l = i + -340. Is l a composite number?
False
Let s = -84251 + 172949. Suppose 96720 = 4*u - 2*w - s, 231756 = 5*u + 3*w. Is u composite?
True
Let g(q) be the second derivative of 9*q**5/10 + 13*q**4/12 - q**3 - 4*q**2 + q - 14. Is g(7) a composite number?
False
Let a be (47356/12 - -2)*-3. Let u = a - -24363. Let r = -7473 + u. Is r prime?
False
Let n(o) = -3079*o - 5643. Is n(-26) a prime number?
True
Suppose 3*u - 20*x + 15*x = 3221561, -5*x = u - 1073867. Is u a prime number?
True
Suppose -3*x - 36 = -0*x. Let v(r) be the second derivative of -9*r**3/2 - 37*r**2/2 - 579*r. Is v(x) a prime number?
False
Suppose -4*y + 16 = -6*y - 2*b, 4*y + 2*b = -40. Let v = y + 24. Suppose 4*j + 5*w - v = 143, -j + 26 = -3*w. Is j composite?
True
Suppose -9 = -o - 3. Let r(y) = 4*y**2 + 13*y